. Let d(h) = -4 - 9 - 6 - 2*h. Let q be 7/(70/(-12)) - (-20)/(-25). Let m(g) = q*d(g) + 5*w(g). Determine m(-6).
-1
Let v be (45/75)/((-1)/10*1). Let z(a) be the third derivative of 5/6*a**3 + 0*a + 4*a**2 + 1/24*a**4 + 1/120*a**6 + 0 + 1/10*a**5. Calculate z(v).
-1
Let i(f) be the second derivative of -f**3/6 + f**2 + 531*f + 2. Determine i(-11).
13
Let y be 10368/(-60) + (-4)/(-5). Let r = y - -70. Let c = 109 + r. Let n(g) = -g - 3. Give n(c).
-10
Let t(i) be the third derivative of -i**6/120 - 7*i**5/60 - 5*i**4/12 + i**3/6 - 3152*i**2. Give t(-5).
1
Suppose -5*n - 10 = -40. Let i(y) = -2*y**2 - 4482*y + 3 + 3*y**2 + 4477*y. Give i(n).
9
Let q(s) = 27*s**2 + s. Let f = -697 - -485. Let w = f + 211. Calculate q(w).
26
Let z(x) = -x**2 + 55*x + 106. Let v be z(-2). Let p(b) = b**3 + 10*b**2 + 17*b + 11. Give p(v).
3
Let b(q) be the second derivative of q**3/6 + 7*q**2 + 759*q + 2. Suppose -3*d + 2*r + 10 = -4*d, 4*d - 3*r + 29 = 0. Calculate b(d).
6
Let f = 796 + -794. Let z(b) be the first derivative of -1/2*b**2 + f*b + 12. Determine z(-3).
5
Let n = 83 - 84. Let g be (-28 + 33)/(0/1 - n). Let i(b) = -29*b + 30*b + 2 - g + 10. What is i(-10)?
-3
Let r(w) be the second derivative of w**3/3 - 6*w**2 - 5882*w. Determine r(7).
2
Let m(f) be the third derivative of -3*f**5/20 - f**4/24 + f**3/2 + 525*f**2. Determine m(3).
-81
Suppose -4*y = -s - 20, 3*y - 3*s - 20 = -s. Let m(h) be the first derivative of h**3/3 + h**2/2 - 4*h - 2. Give m(y).
16
Let u(f) = f**2 + 814*f - 1663*f + 11 + 0*f**2 + 847*f. Give u(0).
11
Let f(g) = 7*g. Let c be 11 - 8 - 0/(-1). Suppose 0 = -2*n - 5*k + 13, 2*n - 6 = -c*k + 9. Let m(d) = -d**3 + 7*d**2 + 18*d + 3. Let p be m(n). Determine f(p).
21
Let r(u) be the third derivative of u**4/24 - 13*u**3/6 - 10*u**2 - 51*u. Let w be (-1 - 5)*2/(-3). Calculate r(w).
-9
Let p(n) = 2*n**3 + 2*n**2 - 3*n + 5. Let h be p(2). Let x(a) = -a**2 + 23*a + 10. What is x(h)?
10
Let l be (1 - 1)/((8 - 3) + -9). Let b(j) = -j**2 - 4*j + 21. Let c(u) = -u**2 - 3*u + 22. Let w(q) = -3*b(q) + 4*c(q). What is w(l)?
25
Let u(m) = 110*m**3 - 44*m**2 + 19*m - 29. Let k(g) = 41*g**3 - 15*g**2 + 6*g - 10. Let q(o) = -8*k(o) + 3*u(o). What is q(6)?
47
Let z be (-50)/40 - (-164)/16. Let h(a) = -5*a**3 - 18*a**2 + 11*a + 17. Let r(s) = 3*s**3 + 9*s**2 - 6*s - 8. Let d(p) = -4*h(p) - 7*r(p). Determine d(z).
-30
Let z(h) = -h**2 - 21*h + 2. Let i be z(-21). Let t be 20/i - (23 + -25). Suppose 54 = -t*g - 6. Let d(a) = a**3 + 4*a**2 - 6*a + 6. What is d(g)?
11
Let w(v) = 19 + 199*v - 360*v + 186*v - 2*v**2. Calculate w(13).
6
Suppose 6*u + 698 - 836 = 0. Let h(d) = -11 + 13 - 24*d**3 - 4*d**2 + u*d**3. What is h(-4)?
2
Let o be ((-1)/(-3))/((-2)/18). Let n(s) = -16*s + s**3 - 4 - 6*s + s**2 + 0*s**2 + 18*s. Give n(o).
-10
Let t(m) = 32*m**3 - 72*m**2 - 68*m - 33. Let v(r) = -7*r**3 + 18*r**2 + 17*r + 8. Let f(d) = -2*t(d) - 9*v(d). Give f(-17).
-6
Suppose 33*i - 15 = 30*i. Suppose 2*a + 14 = p + 4, 2*a = -i*p + 2. Let r(q) = -7*q - 1. Calculate r(p).
-15
Let p(i) = i**3 - 11*i**2 - 8*i - 13. Let u = -440 - -433. Let o(y) = -4*y**3 + 33*y**2 + 24*y + 38. Let w(h) = u*p(h) - 2*o(h). Determine w(-10).
35
Let k(w) = 4*w**2 - w + 2. Suppose -12 = 4*z, 2*z + 7 = j + z. Suppose -3*x - 5*m = -j*m - 19, -3*x = 2*m - 17. Suppose -10 = x*c - 12*c. Calculate k(c).
16
Let z(q) = 22*q - 2. Let h be 0 + -9 + 672/56. Let u be ((-12)/(-9))/(h + (-28)/12). Give z(u).
42
Let f(m) = m + 15. Let v = 109 - 107. Suppose 0 = -v*b - b - 2*i, 2*b = 2*i. Calculate f(b).
15
Let h = -4308 + 4311. Let b(o) = -17*o + 19. Give b(h).
-32
Let i(j) = -j + 3. Let o be i(3). Suppose 5*a = 30*a - 25. Let u(f) = 7*f**2 + 2*f**2 + a + f + f**2 - 11*f**2. What is u(o)?
1
Suppose -69*h + 74*h - 10 = 0. Let i(y) = 5 + y**3 + 6*y**2 - h + 6*y**2 - 2*y**3 - 11*y. Calculate i(11).
3
Let j(g) be the second derivative of -g**5/20 + 5*g**4/4 + 8*g**3/3 + 11*g**2/2 - 52*g + 1. Determine j(16).
11
Let b(i) be the third derivative of -5*i**4/24 - 35*i**3/3 + 4520*i**2. Calculate b(-13).
-5
Let m(t) = -9*t**3 + 41*t**2 + 19*t - 16. Let c(g) = -11*g**3 + 51*g**2 + 20*g - 18. Let a(n) = -5*c(n) + 6*m(n). Calculate a(7).
-6
Let c(j) be the third derivative of -j**6/60 + j**5/30 - j**4/6 + j**3/3 + 11*j**2. Suppose 5*q = 5*v - 30, 19*v + q = 17*v. Give c(v).
-14
Let j(l) = 2 + 13*l**2 + 48347*l - 48349*l - 12*l**2 - 4. Suppose -r + 6 = 2*r. Determine j(r).
-2
Let y be 40/200 + (1602/15)/1. Suppose 0 = -y*d + 96*d + 88. Let k(h) = -h**3 + 8*h**2 + 2*h - 12. What is k(d)?
4
Let m(f) be the third derivative of f**6/120 + f**5/12 - f**4/24 + f**3 + f**2. Let j = 170 - 160. Let r be (j/3)/((-69)/9 - -7). Calculate m(r).
11
Let j(b) be the first derivative of 1/6*b**3 - 11 + 3/2*b**2 - 1/20*b**5 + 10*b - 1/12*b**4. Let p(n) be the first derivative of j(n). Determine p(0).
3
Let q(y) = -y**2 - 25*y + 3. Let r be q(0). Let d be 4/(-6)*r*(-7 - -11). Let o(s) = s**3 + 7*s**2 - 11*s - 11. Give o(d).
13
Suppose -2*q - 4*v - 17 - 1 = 0, 14 = -2*q - 3*v. Let d(n) = 2*n**3 - n**2. Calculate d(q).
-3
Let r(f) = -2*f**2 - 2*f + 1. Let p(x) = -6*x - 5. Let m(o) = o**2 - 12*o - 9. Let g(z) = -4*m(z) + 7*p(z). Let u(l) = -g(l) + 3*r(l). Calculate u(-6).
2
Let b(a) = 227*a - 227. Let y be b(1). Let j(q) = 2*q**2 - 2*q - 40. Give j(y).
-40
Let c(l) be the first derivative of l**4/4 - 2*l**3 - 3*l**2/2 + 5*l - 947. Give c(7).
33
Let g(k) = k**2 + 10*k - 101. Let l be (-30)/50*1*(-8 + -2). Let o be g(l). Let q(h) = h - 7. Determine q(o).
-12
Let m(s) = -2*s**3 + s**2 - 13. Suppose 6 = -4*b + 3*n, 32*b = 27*b + 2*n - 4. What is m(b)?
-13
Suppose 33 = 3*m + 8*m. Let j(x) = -5*x**2 + 2*x**3 - 5*x + 11*x - 3*x**m + 15 - 14. Determine j(-6).
1
Let o(c) = -34*c. Let v be o(0). Let j(x) = x - 1. Let w(d) = d. Let n(h) = -15*h + 5. Let f(q) = n(q) + 10*w(q). Let y(r) = f(r) + 4*j(r). Give y(v).
1
Let c(z) = -27*z**3 + z**2 + z + 1. Let n be (-82)/(-18) + 16/36. Suppose 9 = 5*y - g + 14, 3*g - n = 5*y. Calculate c(y).
28
Let z be (-6)/7*((-504)/90)/(18/(-15)). Let i(g) = -2*g**2 - 7*g - 9. What is i(z)?
-13
Let g = -133 + 138. Let f(v) = 5*v**3 - 24*v**2 - 3*v - 11. Let k be f(g). Let q(o) = 11*o**3 - 1 - 2*o + 0*o + o**2 - 2*o**2. Calculate q(k).
-11
Let c(x) be the second derivative of -x**4/12 - x**3/6 - 4*x**2 - 2*x. Suppose 0 = -2*w + 4*v - 8, 21*v - 22*v + 2 = 0. What is c(w)?
-8
Suppose i + 4 = -c, -4*c = -2*c + i + 4. Suppose c = 5*j - s + 22, j + 8 = -0*j - s. Let y(u) = 6*u - 4. Determine y(j).
-34
Suppose -39*n + 130 = -13*n. Let z(i) be the first derivative of i**3/3 - 9*i**2/2 + 3*i - 19. What is z(n)?
-17
Suppose -4 = -3*g + 188. Let i(h) = -g*h**2 - 1 + 62*h**2 + 2*h - 4*h. Give i(-2).
-5
Let t be 7/4 + (-1)/(-4). Let j(w) = w - 5*w**t + 2*w**3 - 3*w**3 + 3 + 3. Let c be (-2 + (2 - 3))*15/9. Determine j(c).
1
Let b(r) = 7*r + 14. Let z(t) = -2*t - 7. Let u(g) = b(g) + 3*z(g). Give u(1).
-6
Let x(h) = -1. Let k(a) = 5*a + 10. Let l(p) = -k(p) - 6*x(p). Suppose 0 = n + 3*t - 416, -4*t + 1541 - 288 = 3*n. Let w = -415 + n. Determine l(w).
-24
Let d(a) = 3*a - 2. Let t = -18 + 22. Suppose -54 = t*j - 34. Let c(w) = -w**3 - 7*w**2 - 8*w + 6. Let q be c(j). Give d(q).
-14
Let v = 111 + -103. Let s(z) = v + 423*z - 211*z - 213*z. What is s(13)?
-5
Let k(n) = n**2 + 15*n + 48. Let q be -1*(-8 - (11 + -27)). Calculate k(q).
-8
Suppose -16*q = -8*q - 32. Let h(c) = 3*c - 2*c**2 + 7*c - q - 5*c + c**2 - 3. What is h(5)?
-7
Let l(p) be the second derivative of -p**5/20 + 2*p**4/3 + p**3/2 - 11*p**2/2 - 12*p. Suppose -28*z - 88 = -39*z. Give l(z).
13
Let i(y) = 2 + y + 0*y + 2*y. Suppose 0 = -10*z + 25*z - 30. Suppose 2 = z*g + 8. Calculate i(g).
-7
Let r = 219 - 215. Let c(h) = 16 - r + 2*h - 6. Calculate c(6).
18
Let q = 7025 + -7063. Let y(n) = n**2 + 35*n - 115. Give y(q).
-1
Suppose 3785*g - 96 = 3789*g. Let d(u) = 2*u + 51. Calculate d(g).
3
Let a(h) = 6*h**2 - 7*h + 25. Let w(n) = 5*n**2 - 8*n + 24. Let p(i) = -4*a(i) + 5*w(i). Give p(7).
-15
Suppose 0 = -3*m - 1154 + 1145, j + 3*m = 3. Let c(y) = y**3 - 11*y**2 - 13*y + 15. What is c(j)?
3
Suppose 0 = -41*q + 119 - 78. Suppose -z + 2*z - 20 = 0. Let g(b) = 11*b + 14*b + q - z*b. Give g(-3).
-14
Let v(t) = -t**2 + 23*t - 19. Let u(a) = -a + 49. Let b be ((0 + -6)*18/4)/(-1).